{"id":316,"date":"2020-11-17T17:01:14","date_gmt":"2020-11-17T16:01:14","guid":{"rendered":"http:\/\/www.cyclesetwatts.fr\/?page_id=316"},"modified":"2021-04-30T16:18:11","modified_gmt":"2021-04-30T14:18:11","slug":"documentation","status":"publish","type":"page","link":"https:\/\/www.cyclesetwatts.fr\/index.php\/documentation\/","title":{"rendered":"Documentation"},"content":{"rendered":"<p><strong>Aides Financi\u00e8res<\/strong><\/p>\n<p>Il existe de multiples aides financi\u00e8res pour l&#8217;achat de votre v\u00e9lo. L&#8217;\u00e9tat, la r\u00e9gion ou la ville de Toulouse proposent des aides pour l&#8217;achat de VAE.<\/p>\n<p>Le principal param\u00e8tre qui d\u00e9terminera le montant de(s) l&#8217;aide(s) \u00e0 laquelle vous pourrez pr\u00e9tendre est le revenu fiscal de r\u00e9f\u00e9rence divis\u00e9 par le nombre de parts.<\/p>\n<p>Lors de l&#8217;\u00e9tude de votre choix de v\u00e9lo nous vous aiderons dans ces d\u00e9marches.<\/p>\n<p>&nbsp;<\/p>\n<p><strong>Homologation des kits de Motorisation<\/strong><\/p>\n<p>Si le kit est mont\u00e9 sur un v\u00e9lo homologu\u00e9, qu&#8217;il respecte des diff\u00e9rents crit\u00e8res du VAE et qu&#8217;aucune modification structurelle n&#8217;est apport\u00e9e au v\u00e9lo d&#8217;origine, il est admis que l&#8217;ensemble reste de surcroit homologu\u00e9.<\/p>\n<p>&nbsp;<\/p>\n<p><strong>Crit\u00e8res VAE<\/strong><\/p>\n<p>Pour \u00eatre d\u00e9clar\u00e9 VAE le v\u00e9lo doit respecter les diff\u00e9rents crit\u00e8res suivants :<\/p>\n<p style=\"padding-left: 40px;\">Moteur de 250W maximum<\/p>\n<p style=\"padding-left: 40px;\">L&#8217;assistance \u00e9lectrique doit se couper au del\u00e0 de 25km\/h<\/p>\n<p>&nbsp;<\/p>\n<p><strong>Manuel utilisateur de l&#8217;afficheur DPC18<\/strong><\/p>\n<ul>\n<li><a href=\"http:\/\/www.cyclesetwatts.fr\/wp-content\/uploads\/2020\/12\/DPC18-User-manual.pdf\">DPC18 User manual<\/a><\/li>\n<\/ul>\n<p>&nbsp;<\/p>\n","protected":false},"excerpt":{"rendered":"<p>Aides Financi\u00e8res Il existe de multiples aides financi\u00e8res pour l&#8217;achat de votre v\u00e9lo. L&#8217;\u00e9tat, la r\u00e9gion ou la ville de Toulouse proposent des aides pour l&#8217;achat de VAE. Le principal param\u00e8tre qui d\u00e9terminera le montant de(s) l&#8217;aide(s) \u00e0 laquelle vous pourrez pr\u00e9tendre est le revenu fiscal de r\u00e9f\u00e9rence divis\u00e9 par le nombre de parts. Lors [&hellip;]<\/p>\n","protected":false},"author":1,"featured_media":0,"parent":0,"menu_order":0,"comment_status":"closed","ping_status":"closed","template":"","meta":{"_monsterinsights_skip_tracking":false,"_monsterinsights_sitenote_active":false,"_monsterinsights_sitenote_note":"","_monsterinsights_sitenote_category":0},"_links":{"self":[{"href":"https:\/\/www.cyclesetwatts.fr\/index.php\/wp-json\/wp\/v2\/pages\/316"}],"collection":[{"href":"https:\/\/www.cyclesetwatts.fr\/index.php\/wp-json\/wp\/v2\/pages"}],"about":[{"href":"https:\/\/www.cyclesetwatts.fr\/index.php\/wp-json\/wp\/v2\/types\/page"}],"author":[{"embeddable":true,"href":"https:\/\/www.cyclesetwatts.fr\/index.php\/wp-json\/wp\/v2\/users\/1"}],"replies":[{"embeddable":true,"href":"https:\/\/www.cyclesetwatts.fr\/index.php\/wp-json\/wp\/v2\/comments?post=316"}],"version-history":[{"count":8,"href":"https:\/\/www.cyclesetwatts.fr\/index.php\/wp-json\/wp\/v2\/pages\/316\/revisions"}],"predecessor-version":[{"id":490,"href":"https:\/\/www.cyclesetwatts.fr\/index.php\/wp-json\/wp\/v2\/pages\/316\/revisions\/490"}],"wp:attachment":[{"href":"https:\/\/www.cyclesetwatts.fr\/index.php\/wp-json\/wp\/v2\/media?parent=316"}],"curies":[{"name":"wp","href":"https:\/\/api.w.org\/{rel}","templated":true}]}}