{"id":43,"date":"2020-10-26T12:09:27","date_gmt":"2020-10-26T11:09:27","guid":{"rendered":"http:\/\/www.cyclesetwatts.fr\/?page_id=43"},"modified":"2022-12-29T19:26:20","modified_gmt":"2022-12-29T18:26:20","slug":"realisations","status":"publish","type":"page","link":"https:\/\/www.cyclesetwatts.fr\/index.php\/realisations\/","title":{"rendered":"Nos R\u00e9alisations"},"content":{"rendered":"\r\n<p><span style=\"color: #3366ff;\"><strong>Voici nos r\u00e9alisations sous l&#8217;appellation Cycles et Watts<\/strong><\/span><\/p>\r\n<p>&nbsp;<\/p>\r\n<p>Prix moyen des transformations ci dessous (Moteur, batterie et main d&#8217;\u0153uvre) : 1385\u20ac<\/p>\r\n<p>&nbsp;<\/p>\r\n<p class=\"product-title\"><span class=\"product-title--mark\">Marque <strong>B-TWIN<\/strong><\/span><\/p>\r\n<p class=\"product-title\">Mod\u00e8le<strong> Riverside 500<\/strong><\/p>\r\n<p>Clients : St\u00e9phanie<\/p>\r\n<p>Electrification (moteur Bafang 250W et batterie 15Ah)\u00a0<\/p>\r\n<p>&nbsp;<\/p>\r\n<div id=\"attachment_566\" style=\"width: 310px\" class=\"wp-caption aligncenter\"><a href=\"http:\/\/www.cyclesetwatts.fr\/wp-content\/uploads\/2022\/11\/Stephanie-scaled.jpg\"><img aria-describedby=\"caption-attachment-566\" loading=\"lazy\" class=\"wp-image-566 size-medium\" src=\"http:\/\/www.cyclesetwatts.fr\/wp-content\/uploads\/2022\/11\/Stephanie-300x225.jpg\" alt=\"B-Twin\" width=\"300\" height=\"225\" srcset=\"https:\/\/www.cyclesetwatts.fr\/wp-content\/uploads\/2022\/11\/Stephanie-300x225.jpg 300w, https:\/\/www.cyclesetwatts.fr\/wp-content\/uploads\/2022\/11\/Stephanie-1024x768.jpg 1024w, https:\/\/www.cyclesetwatts.fr\/wp-content\/uploads\/2022\/11\/Stephanie-768x576.jpg 768w, https:\/\/www.cyclesetwatts.fr\/wp-content\/uploads\/2022\/11\/Stephanie-1536x1152.jpg 1536w, https:\/\/www.cyclesetwatts.fr\/wp-content\/uploads\/2022\/11\/Stephanie-2048x1536.jpg 2048w\" sizes=\"(max-width: 300px) 100vw, 300px\" \/><\/a><p id=\"caption-attachment-566\" class=\"wp-caption-text\">B-twin Riverside 500<\/p><\/div>\r\n<p>&nbsp;<\/p>\r\n<p class=\"product-title\"><span class=\"product-title--mark\">Marque <strong>B-TWIN<\/strong><\/span><\/p>\r\n<p class=\"product-title\">Mod\u00e8le<strong> Riverside 500<\/strong><\/p>\r\n<p>Clients : Lucille<\/p>\r\n<p>Electrification (moteur Bafang 250W et batterie 15h)\u00a0<\/p>\r\n<p>&nbsp;<\/p>\r\n<div class=\"mceTemp\">\u00a0<\/div>\r\n<div id=\"attachment_568\" style=\"width: 310px\" class=\"wp-caption aligncenter\"><a href=\"http:\/\/www.cyclesetwatts.fr\/wp-content\/uploads\/2022\/11\/Lucille-scaled.jpg\"><img aria-describedby=\"caption-attachment-568\" loading=\"lazy\" class=\"wp-image-568 size-medium\" src=\"http:\/\/www.cyclesetwatts.fr\/wp-content\/uploads\/2022\/11\/Lucille-300x225.jpg\" alt=\"\" width=\"300\" height=\"225\" srcset=\"https:\/\/www.cyclesetwatts.fr\/wp-content\/uploads\/2022\/11\/Lucille-300x225.jpg 300w, https:\/\/www.cyclesetwatts.fr\/wp-content\/uploads\/2022\/11\/Lucille-1024x768.jpg 1024w, https:\/\/www.cyclesetwatts.fr\/wp-content\/uploads\/2022\/11\/Lucille-768x576.jpg 768w, https:\/\/www.cyclesetwatts.fr\/wp-content\/uploads\/2022\/11\/Lucille-1536x1152.jpg 1536w, https:\/\/www.cyclesetwatts.fr\/wp-content\/uploads\/2022\/11\/Lucille-2048x1536.jpg 2048w\" sizes=\"(max-width: 300px) 100vw, 300px\" \/><\/a><p id=\"caption-attachment-568\" class=\"wp-caption-text\">B-Twin Riverside<\/p><\/div>\r\n<p>&nbsp;<\/p>\r\n<p class=\"product-title\"><span class=\"product-title--mark\">Marque <\/span><strong><span class=\"product-title--mark\">SCOTT<\/span><\/strong><\/p>\r\n<p class=\"product-title\">Mod\u00e8le<strong> SUB SPORT 10<\/strong><\/p>\r\n<p>Clients : Michel<\/p>\r\n<p>Electrification (moteur Bafang 250W et batterie 16Ah)\u00a0<\/p>\r\n<p>&nbsp;<\/p>\r\n<div id=\"attachment_551\" style=\"width: 310px\" class=\"wp-caption aligncenter\"><a href=\"http:\/\/www.cyclesetwatts.fr\/wp-content\/uploads\/2021\/11\/IMG_E7233-scaled.jpg\"><img aria-describedby=\"caption-attachment-551\" loading=\"lazy\" class=\"wp-image-551 size-medium\" src=\"http:\/\/www.cyclesetwatts.fr\/wp-content\/uploads\/2021\/11\/IMG_E7233-300x225.jpg\" alt=\"V\u00e9lo Scott Sub Sport 10\" width=\"300\" height=\"225\" srcset=\"https:\/\/www.cyclesetwatts.fr\/wp-content\/uploads\/2021\/11\/IMG_E7233-300x225.jpg 300w, https:\/\/www.cyclesetwatts.fr\/wp-content\/uploads\/2021\/11\/IMG_E7233-1024x768.jpg 1024w, https:\/\/www.cyclesetwatts.fr\/wp-content\/uploads\/2021\/11\/IMG_E7233-768x576.jpg 768w, https:\/\/www.cyclesetwatts.fr\/wp-content\/uploads\/2021\/11\/IMG_E7233-1536x1152.jpg 1536w, https:\/\/www.cyclesetwatts.fr\/wp-content\/uploads\/2021\/11\/IMG_E7233-2048x1536.jpg 2048w\" sizes=\"(max-width: 300px) 100vw, 300px\" \/><\/a><p id=\"caption-attachment-551\" class=\"wp-caption-text\">V\u00e9lo Scott Sub Sport 10<\/p><\/div>\r\n<div id=\"attachment_550\" style=\"width: 310px\" class=\"wp-caption aligncenter\"><a href=\"http:\/\/www.cyclesetwatts.fr\/wp-content\/uploads\/2021\/11\/IMG_E7229-scaled.jpg\"><img aria-describedby=\"caption-attachment-550\" loading=\"lazy\" class=\"wp-image-550 size-medium\" title=\"V\u00e9lo Scott Sub Sport 10\" src=\"http:\/\/www.cyclesetwatts.fr\/wp-content\/uploads\/2021\/11\/IMG_E7229-300x218.jpg\" alt=\"V\u00e9lo Scott Sub Sport 10\" width=\"300\" height=\"218\" srcset=\"https:\/\/www.cyclesetwatts.fr\/wp-content\/uploads\/2021\/11\/IMG_E7229-300x218.jpg 300w, https:\/\/www.cyclesetwatts.fr\/wp-content\/uploads\/2021\/11\/IMG_E7229-1024x745.jpg 1024w, https:\/\/www.cyclesetwatts.fr\/wp-content\/uploads\/2021\/11\/IMG_E7229-768x559.jpg 768w, https:\/\/www.cyclesetwatts.fr\/wp-content\/uploads\/2021\/11\/IMG_E7229-1536x1118.jpg 1536w, https:\/\/www.cyclesetwatts.fr\/wp-content\/uploads\/2021\/11\/IMG_E7229-2048x1490.jpg 2048w\" sizes=\"(max-width: 300px) 100vw, 300px\" \/><\/a><p id=\"caption-attachment-550\" class=\"wp-caption-text\">V\u00e9lo Scott Sub Sport 10<\/p><\/div>\r\n<p>&nbsp;<\/p>\r\n<p class=\"product-title\"><span class=\"product-title--mark\">Marque <\/span><strong><span class=\"product-title--mark\">BERGAMONT<\/span><\/strong><\/p>\r\n<p class=\"product-title\">Mod\u00e8le<strong> HORIZON 4 AMSTERDAM 2020<\/strong><\/p>\r\n<p>Cliente : Brigitte<\/p>\r\n<p>Electrification (moteur Bafang 250W et batterie 16Ah)\u00a0<\/p>\r\n<p>Couleur Ice Blue<\/p>\r\n<div id=\"attachment_518\" style=\"width: 201px\" class=\"wp-caption aligncenter\"><a href=\"http:\/\/www.cyclesetwatts.fr\/wp-content\/uploads\/2021\/06\/Velo-Brigitte.jpg\"><img aria-describedby=\"caption-attachment-518\" loading=\"lazy\" class=\"wp-image-518 size-medium\" title=\"V\u00e9lo Brigitte\" src=\"http:\/\/www.cyclesetwatts.fr\/wp-content\/uploads\/2021\/06\/Velo-Brigitte-191x300.jpg\" alt=\"BERGAMONT HORIZON 4 AMSTERDAM\" width=\"191\" height=\"300\" srcset=\"https:\/\/www.cyclesetwatts.fr\/wp-content\/uploads\/2021\/06\/Velo-Brigitte-191x300.jpg 191w, https:\/\/www.cyclesetwatts.fr\/wp-content\/uploads\/2021\/06\/Velo-Brigitte-652x1024.jpg 652w, https:\/\/www.cyclesetwatts.fr\/wp-content\/uploads\/2021\/06\/Velo-Brigitte.jpg 720w\" sizes=\"(max-width: 191px) 100vw, 191px\" \/><\/a><p id=\"caption-attachment-518\" class=\"wp-caption-text\">V\u00e9lo Brigitte<\/p><\/div>\r\n<p>&nbsp;<\/p>\r\n<p class=\"product-title\"><span class=\"product-title--mark\">Marque <\/span><strong><span class=\"product-title--mark\">BERGAMONT<\/span><\/strong><\/p>\r\n<p class=\"product-title\">Mod\u00e8le<strong> HORIZON 4 AMSTERDAM 2019<\/strong><\/p>\r\n<p>Clients : Ma\u00eft\u00e9, Bernard, V\u00e9ro, Sibylle, Zhyra, Maryse, David, Anne marie<\/p>\r\n<p>Electrification (moteur Bafang 250W et batterie 16Ah)\u00a0<\/p>\r\n<div id=\"attachment_555\" style=\"width: 310px\" class=\"wp-caption aligncenter\"><a href=\"http:\/\/www.cyclesetwatts.fr\/wp-content\/uploads\/2021\/11\/Velo-Anne-Marie-scaled.jpg\"><img aria-describedby=\"caption-attachment-555\" loading=\"lazy\" class=\"wp-image-555 size-medium\" title=\"BERGAMONT HORIZON 4 AMSTERDAM\" src=\"http:\/\/www.cyclesetwatts.fr\/wp-content\/uploads\/2021\/11\/Velo-Anne-Marie-300x225.jpg\" alt=\"Bergamont Horizon 4 Amsterdam\" width=\"300\" height=\"225\" srcset=\"https:\/\/www.cyclesetwatts.fr\/wp-content\/uploads\/2021\/11\/Velo-Anne-Marie-300x225.jpg 300w, https:\/\/www.cyclesetwatts.fr\/wp-content\/uploads\/2021\/11\/Velo-Anne-Marie-1024x768.jpg 1024w, https:\/\/www.cyclesetwatts.fr\/wp-content\/uploads\/2021\/11\/Velo-Anne-Marie-768x576.jpg 768w, https:\/\/www.cyclesetwatts.fr\/wp-content\/uploads\/2021\/11\/Velo-Anne-Marie-1536x1152.jpg 1536w, https:\/\/www.cyclesetwatts.fr\/wp-content\/uploads\/2021\/11\/Velo-Anne-Marie-2048x1536.jpg 2048w\" sizes=\"(max-width: 300px) 100vw, 300px\" \/><\/a><p id=\"caption-attachment-555\" class=\"wp-caption-text\">V\u00e9lo Anne marie Bergamont Horizon 4 Amsterdam<\/p><\/div>\r\n<div id=\"attachment_525\" style=\"width: 359px\" class=\"wp-caption aligncenter\"><a href=\"http:\/\/www.cyclesetwatts.fr\/wp-content\/uploads\/2021\/06\/Velo-Zihra.jpg\"><img aria-describedby=\"caption-attachment-525\" loading=\"lazy\" class=\"wp-image-525\" src=\"http:\/\/www.cyclesetwatts.fr\/wp-content\/uploads\/2021\/06\/Velo-Zihra-300x225.jpg\" alt=\"Bergamont Horizon 4 Amsterdam\" width=\"349\" height=\"261\" srcset=\"https:\/\/www.cyclesetwatts.fr\/wp-content\/uploads\/2021\/06\/Velo-Zihra-300x225.jpg 300w, https:\/\/www.cyclesetwatts.fr\/wp-content\/uploads\/2021\/06\/Velo-Zihra-1024x768.jpg 1024w, https:\/\/www.cyclesetwatts.fr\/wp-content\/uploads\/2021\/06\/Velo-Zihra-768x576.jpg 768w, https:\/\/www.cyclesetwatts.fr\/wp-content\/uploads\/2021\/06\/Velo-Zihra.jpg 1280w\" sizes=\"(max-width: 349px) 100vw, 349px\" \/><\/a><p id=\"caption-attachment-525\" class=\"wp-caption-text\">V\u00e9lo Maryse<\/p><\/div>\r\n<div id=\"attachment_458\" style=\"width: 363px\" class=\"wp-caption aligncenter\"><img aria-describedby=\"caption-attachment-458\" loading=\"lazy\" class=\"wp-image-458\" src=\"http:\/\/www.cyclesetwatts.fr\/wp-content\/uploads\/2021\/03\/IMG_4841-300x213.jpg\" alt=\"BERGAMONT HORIZON 4 AMSTERDAM\" width=\"353\" height=\"251\" srcset=\"https:\/\/www.cyclesetwatts.fr\/wp-content\/uploads\/2021\/03\/IMG_4841-300x213.jpg 300w, https:\/\/www.cyclesetwatts.fr\/wp-content\/uploads\/2021\/03\/IMG_4841-1024x725.jpg 1024w, https:\/\/www.cyclesetwatts.fr\/wp-content\/uploads\/2021\/03\/IMG_4841-768x544.jpg 768w, https:\/\/www.cyclesetwatts.fr\/wp-content\/uploads\/2021\/03\/IMG_4841-1536x1088.jpg 1536w, https:\/\/www.cyclesetwatts.fr\/wp-content\/uploads\/2021\/03\/IMG_4841-2048x1451.jpg 2048w\" sizes=\"(max-width: 353px) 100vw, 353px\" \/><p id=\"caption-attachment-458\" class=\"wp-caption-text\">V\u00e9lo Sybille<\/p><\/div>\r\n\r\n\r\n\r\n<figure class=\"wp-block-image size-large is-style-rounded\">\r\n<p>&nbsp;<\/p>\r\n<\/figure>\r\n<div id=\"attachment_462\" style=\"width: 364px\" class=\"wp-caption aligncenter\"><a href=\"http:\/\/www.cyclesetwatts.fr\/wp-content\/uploads\/2021\/03\/IMG_4843-scaled.jpg\"><img aria-describedby=\"caption-attachment-462\" loading=\"lazy\" class=\"wp-image-462\" src=\"http:\/\/www.cyclesetwatts.fr\/wp-content\/uploads\/2021\/03\/IMG_4843-300x247.jpg\" alt=\"BERGAMONT HORIZON 4 AMSTERDAM\" width=\"354\" height=\"291\" srcset=\"https:\/\/www.cyclesetwatts.fr\/wp-content\/uploads\/2021\/03\/IMG_4843-300x247.jpg 300w, https:\/\/www.cyclesetwatts.fr\/wp-content\/uploads\/2021\/03\/IMG_4843-1024x844.jpg 1024w, https:\/\/www.cyclesetwatts.fr\/wp-content\/uploads\/2021\/03\/IMG_4843-768x633.jpg 768w, https:\/\/www.cyclesetwatts.fr\/wp-content\/uploads\/2021\/03\/IMG_4843-1536x1267.jpg 1536w, https:\/\/www.cyclesetwatts.fr\/wp-content\/uploads\/2021\/03\/IMG_4843-2048x1689.jpg 2048w\" sizes=\"(max-width: 354px) 100vw, 354px\" \/><\/a><p id=\"caption-attachment-462\" class=\"wp-caption-text\">V\u00e9lo Bernard \/ V\u00e9ro<\/p><\/div>\r\n<p style=\"text-align: left;\">\u00a0 \u00a0 \u00a0 \u00a0 \u00a0 \u00a0 \u00a0<\/p>\r\n<p>&nbsp;<\/p>\r\n<p class=\"product-title\"><span class=\"product-title--mark\">Marque <\/span><strong><span class=\"product-title--mark\">Decathlon<\/span><\/strong><\/p>\r\n<p class=\"product-title\">Mod\u00e8le<strong> BTWIN 2018<\/strong><\/p>\r\n<p>Clients : Coco<\/p>\r\n<p>Electrification (moteur Bafang 250W et batterie 14,5 Ah)\u00a0<\/p>\r\n<div id=\"attachment_303\" style=\"width: 359px\" class=\"wp-caption aligncenter\"><img aria-describedby=\"caption-attachment-303\" loading=\"lazy\" class=\"wp-image-303 \" title=\"V\u00e9lo Coco BTWIN\" src=\"http:\/\/www.cyclesetwatts.fr\/wp-content\/uploads\/2020\/11\/Velo-Mamie-Coco-300x225.jpg\" alt=\"V\u00e9lo Coco BTWIN\" width=\"349\" height=\"262\" srcset=\"https:\/\/www.cyclesetwatts.fr\/wp-content\/uploads\/2020\/11\/Velo-Mamie-Coco-300x225.jpg 300w, https:\/\/www.cyclesetwatts.fr\/wp-content\/uploads\/2020\/11\/Velo-Mamie-Coco-1024x768.jpg 1024w, https:\/\/www.cyclesetwatts.fr\/wp-content\/uploads\/2020\/11\/Velo-Mamie-Coco-768x576.jpg 768w, https:\/\/www.cyclesetwatts.fr\/wp-content\/uploads\/2020\/11\/Velo-Mamie-Coco-1536x1152.jpg 1536w, https:\/\/www.cyclesetwatts.fr\/wp-content\/uploads\/2020\/11\/Velo-Mamie-Coco-2048x1536.jpg 2048w\" sizes=\"(max-width: 349px) 100vw, 349px\" \/><p id=\"caption-attachment-303\" class=\"wp-caption-text\">V\u00e9lo Coco<\/p><\/div>\r\n<p>&nbsp;<\/p>\r\n<p style=\"text-align: left;\">\u00a0 \u00a0 \u00a0 \u00a0 \u00a0 \u00a0 \u00a0 \u00a0 \u00a0 \u00a0 \u00a0 \u00a0 \u00a0 \u00a0 \u00a0 \u00a0 \u00a0 \u00a0 \u00a0 \u00a0\u00a0<\/p>\r\n<p class=\"product-title\"><span class=\"product-title--mark\">Marque <\/span><strong><span class=\"product-title--mark\">BERGAMONT<\/span><\/strong><\/p>\r\n<p class=\"product-title\">Mod\u00e8le<strong> HORIZON 8 AMSTERDAM 2017<\/strong><\/p>\r\n<p>Clients : Phil<\/p>\r\n<p>Electrification (moteur Bafang 750W et batterie 17,5 Ah)\u00a0<\/p>\r\n<div id=\"attachment_291\" style=\"width: 365px\" class=\"wp-caption aligncenter\"><a href=\"http:\/\/www.cyclesetwatts.fr\/wp-content\/uploads\/2020\/11\/IMG_8991-scaled.jpg\"><img aria-describedby=\"caption-attachment-291\" loading=\"lazy\" class=\"wp-image-291\" title=\"V\u00e9lo Phil Bergamont\" src=\"http:\/\/www.cyclesetwatts.fr\/wp-content\/uploads\/2020\/11\/IMG_8991-300x225.jpg\" alt=\"V\u00e9lo Phil Bergamont Amsterdam\" width=\"355\" height=\"267\" srcset=\"https:\/\/www.cyclesetwatts.fr\/wp-content\/uploads\/2020\/11\/IMG_8991-300x225.jpg 300w, https:\/\/www.cyclesetwatts.fr\/wp-content\/uploads\/2020\/11\/IMG_8991-1024x768.jpg 1024w, https:\/\/www.cyclesetwatts.fr\/wp-content\/uploads\/2020\/11\/IMG_8991-768x576.jpg 768w, https:\/\/www.cyclesetwatts.fr\/wp-content\/uploads\/2020\/11\/IMG_8991-1536x1152.jpg 1536w, https:\/\/www.cyclesetwatts.fr\/wp-content\/uploads\/2020\/11\/IMG_8991-2048x1536.jpg 2048w\" sizes=\"(max-width: 355px) 100vw, 355px\" \/><\/a><p id=\"caption-attachment-291\" class=\"wp-caption-text\">V\u00e9lo Phil<\/p><\/div>\r\n","protected":false},"excerpt":{"rendered":"<p>Voici nos r\u00e9alisations sous l&#8217;appellation Cycles et Watts &nbsp; Prix moyen des transformations ci dessous (Moteur, batterie et main d&#8217;\u0153uvre) : 1385\u20ac &nbsp; Marque B-TWIN Mod\u00e8le Riverside 500 Clients : St\u00e9phanie Electrification (moteur Bafang 250W et batterie 15Ah)\u00a0 &nbsp; &nbsp; Marque B-TWIN Mod\u00e8le Riverside 500 Clients : Lucille Electrification (moteur Bafang 250W et batterie 15h)\u00a0 [&hellip;]<\/p>\n","protected":false},"author":1,"featured_media":0,"parent":0,"menu_order":0,"comment_status":"closed","ping_status":"closed","template":"","meta":{"_monsterinsights_skip_tracking":false,"_monsterinsights_sitenote_active":false,"_monsterinsights_sitenote_note":"","_monsterinsights_sitenote_category":0},"_links":{"self":[{"href":"https:\/\/www.cyclesetwatts.fr\/index.php\/wp-json\/wp\/v2\/pages\/43"}],"collection":[{"href":"https:\/\/www.cyclesetwatts.fr\/index.php\/wp-json\/wp\/v2\/pages"}],"about":[{"href":"https:\/\/www.cyclesetwatts.fr\/index.php\/wp-json\/wp\/v2\/types\/page"}],"author":[{"embeddable":true,"href":"https:\/\/www.cyclesetwatts.fr\/index.php\/wp-json\/wp\/v2\/users\/1"}],"replies":[{"embeddable":true,"href":"https:\/\/www.cyclesetwatts.fr\/index.php\/wp-json\/wp\/v2\/comments?post=43"}],"version-history":[{"count":36,"href":"https:\/\/www.cyclesetwatts.fr\/index.php\/wp-json\/wp\/v2\/pages\/43\/revisions"}],"predecessor-version":[{"id":578,"href":"https:\/\/www.cyclesetwatts.fr\/index.php\/wp-json\/wp\/v2\/pages\/43\/revisions\/578"}],"wp:attachment":[{"href":"https:\/\/www.cyclesetwatts.fr\/index.php\/wp-json\/wp\/v2\/media?parent=43"}],"curies":[{"name":"wp","href":"https:\/\/api.w.org\/{rel}","templated":true}]}}