{"id":83,"date":"2020-10-26T15:47:09","date_gmt":"2020-10-26T14:47:09","guid":{"rendered":"http:\/\/www.cyclesetwatts.fr\/?page_id=83"},"modified":"2021-04-30T16:05:44","modified_gmt":"2021-04-30T14:05:44","slug":"equipements","status":"publish","type":"page","link":"https:\/\/www.cyclesetwatts.fr\/index.php\/equipements\/","title":{"rendered":"Equipements"},"content":{"rendered":"<p>Si le choix du v\u00e9lo est d\u00e9j\u00e0 un grand pas&#8230; ce n&#8217;est malheureusement pas la fin de votre parcours! Le v\u00e9lo sans un minimum d&#8217;equipements est un peu comme une voiture sans options.<\/p>\n<p>Comme on connait bien le probl\u00e8me, on ne vous laissera pas tomber sur le sujet.<\/p>\n<p>Et comme ce n&#8217;est pas notre concept, nous seront avec vous pour vous accompagner sur le choix des paniers et sacoches, mais nous ne ferons aucune marge sur ces produits. C&#8217;est donc vous qui les ach\u00e8terez ou bien nous si vous le souhaitez.<\/p>\n<p>Nous vous proposons un certain nombre d&#8217;\u00e9quipements, pour aller au bout de la personnalisation. Vous pourrez choisir ces \u00e9quipements lors de l&#8217;achat ou encore lors de rendez-vous d&#8217;entretien.<\/p>\n<p>Voici les diff\u00e9rents \u00e9quipements que nous vous proposons :<\/p>\n<ul>\n<li>Antivol v\u00e9lo type U<\/li>\n<li>Antivols de selle \/ roues<\/li>\n<li>Sacoches Vaude \/ Ortlieb<\/li>\n<li>Poign\u00e9es Ergon<\/li>\n<li>R\u00e9troviseurs<\/li>\n<li>Porte b\u00e9b\u00e9<\/li>\n<li>Porte animal<\/li>\n<li>Selle Royal<\/li>\n<li>Support t\u00e9l\u00e9phone<\/li>\n<li>Tracker GPS<\/li>\n<li>P\u00e9dales automatiques \/ cales pieds<\/li>\n<li>Remorque<\/li>\n<li>Porte surf<\/li>\n<\/ul>\n<p><img loading=\"lazy\" class=\"alignnone size-medium wp-image-435\" src=\"http:\/\/www.cyclesetwatts.fr\/wp-content\/uploads\/2021\/01\/IMG_20201213_093054675-225x300.jpg\" alt=\"\" width=\"225\" height=\"300\" srcset=\"https:\/\/www.cyclesetwatts.fr\/wp-content\/uploads\/2021\/01\/IMG_20201213_093054675-225x300.jpg 225w, https:\/\/www.cyclesetwatts.fr\/wp-content\/uploads\/2021\/01\/IMG_20201213_093054675.jpg 454w\" sizes=\"(max-width: 225px) 100vw, 225px\" \/><\/p>\n<p>&nbsp;<\/p>\n<p><img loading=\"lazy\" class=\"alignnone wp-image-455\" src=\"http:\/\/www.cyclesetwatts.fr\/wp-content\/uploads\/2021\/03\/IMG_4845-300x300.jpg\" alt=\"\" width=\"256\" height=\"256\" srcset=\"https:\/\/www.cyclesetwatts.fr\/wp-content\/uploads\/2021\/03\/IMG_4845-300x300.jpg 300w, https:\/\/www.cyclesetwatts.fr\/wp-content\/uploads\/2021\/03\/IMG_4845-1024x1024.jpg 1024w, https:\/\/www.cyclesetwatts.fr\/wp-content\/uploads\/2021\/03\/IMG_4845-150x150.jpg 150w, https:\/\/www.cyclesetwatts.fr\/wp-content\/uploads\/2021\/03\/IMG_4845-768x767.jpg 768w, https:\/\/www.cyclesetwatts.fr\/wp-content\/uploads\/2021\/03\/IMG_4845.jpg 1495w\" sizes=\"(max-width: 256px) 100vw, 256px\" \/><\/p>\n","protected":false},"excerpt":{"rendered":"<p>Si le choix du v\u00e9lo est d\u00e9j\u00e0 un grand pas&#8230; ce n&#8217;est malheureusement pas la fin de votre parcours! Le v\u00e9lo sans un minimum d&#8217;equipements est un peu comme une voiture sans options. Comme on connait bien le probl\u00e8me, on ne vous laissera pas tomber sur le sujet. Et comme ce n&#8217;est pas notre concept, [&hellip;]<\/p>\n","protected":false},"author":1,"featured_media":0,"parent":0,"menu_order":0,"comment_status":"closed","ping_status":"closed","template":"","meta":{"_monsterinsights_skip_tracking":false,"_monsterinsights_sitenote_active":false,"_monsterinsights_sitenote_note":"","_monsterinsights_sitenote_category":0},"_links":{"self":[{"href":"https:\/\/www.cyclesetwatts.fr\/index.php\/wp-json\/wp\/v2\/pages\/83"}],"collection":[{"href":"https:\/\/www.cyclesetwatts.fr\/index.php\/wp-json\/wp\/v2\/pages"}],"about":[{"href":"https:\/\/www.cyclesetwatts.fr\/index.php\/wp-json\/wp\/v2\/types\/page"}],"author":[{"embeddable":true,"href":"https:\/\/www.cyclesetwatts.fr\/index.php\/wp-json\/wp\/v2\/users\/1"}],"replies":[{"embeddable":true,"href":"https:\/\/www.cyclesetwatts.fr\/index.php\/wp-json\/wp\/v2\/comments?post=83"}],"version-history":[{"count":17,"href":"https:\/\/www.cyclesetwatts.fr\/index.php\/wp-json\/wp\/v2\/pages\/83\/revisions"}],"predecessor-version":[{"id":485,"href":"https:\/\/www.cyclesetwatts.fr\/index.php\/wp-json\/wp\/v2\/pages\/83\/revisions\/485"}],"wp:attachment":[{"href":"https:\/\/www.cyclesetwatts.fr\/index.php\/wp-json\/wp\/v2\/media?parent=83"}],"curies":[{"name":"wp","href":"https:\/\/api.w.org\/{rel}","templated":true}]}}